 x be -12*((-4)/n)/4. Suppose -3*u = -3*f - 3 - 3, x*u + f = 28. What is h(u)?
14
Let m = -12 + 24. Suppose -2*k + 2*g + g - 22 = 0, -14 = 3*k + 5*g. Let i = m + k. Let w(a) = a**2 - 3*a - 4. Determine w(i).
0
Let y(u) = -u**3 + 5*u**2 + 7*u - 7. Let a(o) = -o**2 + 13*o - 7. Let c be a(7). Suppose 0 = -5*j - 3*m + 159, -j - m - c = -2*j. Let h = -27 + j. What is y(h)?
-1
Let m(g) = -3*g. Let s be (5 + 0)*(-189)/(-210)*-2. Give m(s).
27
Let x(a) be the first derivative of a**4/4 + 3*a**3 + 4*a**2 - a + 126. Let o(u) = u**2 + 8*u - 1. Let k be o(-7). Calculate x(k).
-1
Suppose 4*d + 15 = 4*r + 5*d, -4*r + d + 25 = 0. Let o(l) = -1 + 2*l**2 + 0*l**2 - 7*l + 0. Determine o(r).
14
Let c(b) = 2*b - 7. Let z(t) = -3*t**2 - 33*t - 38. Let n be z(-10). What is c(n)?
-23
Let t(x) = x**2 + 7*x + 7. Let v(p) = -3*p - 15. Let w be v(-5). Suppose -h = -3*h + 3*u - 25, -2*h - 2*u = w. Determine t(h).
-3
Let h(a) = a**2 - 4*a + 3. Suppose 3*r = -3, 3*c + 19 - 23 = -5*r. Suppose -k - 4 = -5*k. Let b = c + k. What is h(b)?
3
Suppose 3*k = 2*f - 22, 2*k + 33 = -0*k + 5*f. Let a(l) = l**3 + 5*l**2 + 5*l + 4. Calculate a(k).
0
Let m = 64 + -73. Let o(a) = a. Let t(i) = 6*i + 13. Let r(s) = 4*o(s) - t(s). Determine r(m).
5
Let x = 54 - 24. Suppose -7*b + 2*b = x. Let q(l) = l**2 + 4*l - 8. Determine q(b).
4
Suppose 0 = x - 2*x. Suppose 0 = -x*z - 4*z + 8. Let f(j) = -j**3 - j**2 + 2*j - 3. Determine f(z).
-11
Let k(c) = c**2 - 4*c - 5. Let s be (6/(-9))/((-6)/63). Let y(n) = 2*n**3 - 12*n**2 - 8*n - 10. Let u be y(s). Let l = u + -28. What is k(l)?
-5
Let n(d) = 3*d + 36 - 4*d + 42 - 77 + 2*d - d**2. Let s(x) = x**3 - 9*x**2 + 8*x - 3. Let g be s(8). Determine n(g).
-11
Let q(x) = -8*x**3 + x - 1. Let u be (3/(-9))/((4/(-6))/2). What is q(u)?
-8
Let z be ((-14)/3)/(4/(-6)). Let g(w) = 9*w + 6. Let f(k) = 23*k + 10. Let u(v) = -2*f(v) + 5*g(v). What is u(z)?
3
Let u = 10 + -6. Let i(j) be the second derivative of -j**3/3 - j**2/2 + 732*j. What is i(u)?
-9
Let o(h) = h**2 - 5*h. Suppose 3*t - 6*t - 13 = -5*q, 0 = 4*q - 5*t. Let x be o(q). Let k(i) = -5 - i + x*i - i + 0. Calculate k(-5).
5
Let o(h) = 24*h - 25*h - 3 + 4. Let l(m) = -10*m + 8. Let s(r) = -3*l(r) + 24*o(r). Determine s(1).
6
Let y(n) = n**2 + 7*n + 1. Let l = 138 - 105. Let o = l + -39. Give y(o).
-5
Let b be ((-3)/(-1))/((-24)/(-64)). Let a(s) be the first derivative of -s**3/3 + 9*s**2/2 + 11*s + 102. What is a(b)?
19
Let f = -34 - -23. Let w = f + 16. Let x(m) = -14*m - w + 9*m + 6*m. Determine x(4).
-1
Let p(t) = -2*t + 1. Let i = -7 - -10. Let f be 22*i/(4 - -2). Suppose -3*q - 1 = 5*g + 3, -4*q - g = f. What is p(q)?
7
Let j = 10 + -8. Let r be (-6)/(-18)*(-15)/j*-2. Let o(b) = b**3 - 7*b**2 + 8*b - 7. Give o(r).
-17
Let l be ((-10)/(-2))/(110/44). Let d(s) = -s. Let z(m) = 9*m - 2. Let v(c) = 9*c - 2. Let f(x) = 4*v(x) - 5*z(x). Let t(w) = -6*d(w) + f(w). Give t(l).
-4
Let u(w) = w**3 + 4*w**2 - 6*w + 1. Suppose 0 = 2*s + s - 141. Let r = -11 + s. Let f be 8/r + 94/(-18). Determine u(f).
6
Suppose m + 11 = 5*c - 2*c, -4*m = 8. Suppose w - c*u - 2 = 0, -4*w - 8*u + 3*u = -25. Let v(y) = y - 9. Give v(w).
-4
Let u(a) = -67*a + 68*a + 12 + 0*a. Give u(-4).
8
Let z(t) = t**3 + 85*t**2 + 472*t - 160. Let o be z(-79). Let m(i) = 11*i. Let q(c) = -23*c - 1. Let h(p) = -5*m(p) - 2*q(p). Determine h(o).
20
Suppose -4*k + 3*g + 49 = 0, -2*g + 44 = 5*k - 0*g. Let d(n) = 3 + 0*n**2 + 11*n**2 - k*n**2 + 13*n + 0*n**2. Give d(-13).
3
Let l(q) = 2*q - 19. Let w be l(14). Let i(k) = -7*k + k**3 - 5*k**2 - w + 11*k**2 - 3*k**2 + 2*k**2. Let b = -16 + 10. Determine i(b).
-3
Suppose 12*h - 8*h - 12 = 0. Let i(d) = -d**2 - d + 4. Calculate i(h).
-8
Let h(u) be the second derivative of 1/12*u**4 + 0 + 23*u + 1/6*u**3 + 3/2*u**2. What is h(0)?
3
Suppose -3*z - 15 = -4*z. Suppose 4*s + 4*h + 5 = -7, -5*h = -5*s - z. Let c(o) be the second derivative of o**4/12 + o**2 - o. Give c(s).
11
Let o(f) be the third derivative of -f**5/60 - f**4/8 - 2*f**3/3 + 27*f**2 - 1. Calculate o(-3).
-4
Let t = 84 + -78. Let a(z) be the third derivative of z**5/120 + 5*z**4/24 + z**3/3 + 3*z**2. Let m(h) be the first derivative of a(h). Determine m(t).
11
Suppose 2*n - 60 = -3*n. Suppose -5*x = -5*o + 30, 3*o + 5*x - 6*x - n = 0. Let a = 7 - o. Let c(j) = -j**3 + 5*j**2 - 4*j + 6. What is c(a)?
6
Let y(w) = 2*w**2 + w**2 - 4*w**2 + 131*w + 2*w**2 + 10 - 146*w. Calculate y(14).
-4
Suppose 2*v - 7*v + 25 = 0. Suppose k + 3 = v. Let j(l) = -6*l + 6 + 12*l - l**2 - k. Determine j(6).
4
Let y(z) = -z**3 + 6*z**2 - 3*z - 3. Let i = 15 - 9. Suppose 0 = f - i*f - 30. Let j be (-3 - 3/f)*-2. Determine y(j).
7
Let u(y) = y + 5. Suppose 4*r = -2*d - 14, 3*r = 4*r - 2*d + 6. Let a be 1/r*-14*-2. Calculate u(a).
-2
Let f(q) = 5*q**3 + 3 - 10*q**3 - q**2 - 2*q + q**3 + 5*q**3 - 4. Give f(0).
-1
Let o(p) = 5*p**2 - 5*p + 2. Let t(r) = -76*r - 151. Let j be t(-2). What is o(j)?
2
Let r(i) = -9*i**2 - 3*i - 2. Let c(m) = -5*m**2 - m. Let p(j) = -11*c(j) + 6*r(j). What is p(7)?
-12
Suppose -2*n + 7*d - 4*d = 2, -5*n = -d - 8. Let f = -4 - n. Let h(r) = -r + 4. Give h(f).
10
Let o be (-81)/(-36)*(6*-1 + 2). Let d(l) = l + 10. What is d(o)?
1
Let s(v) = v**3 + 6*v**2 - 3*v + 12. Let u = 2918 - 2925. Give s(u).
-16
Let l(z) = -z**3 - 4*z**2 + 10*z + 17. Let w(n) = -n**3 - 7*n**2 - 11*n - 35. Let k be w(-6). Determine l(k).
-8
Suppose -4*a - c + 20 = 0, 2*a + 5*c - 20 = 2*c. Suppose -2*y - a = -6. Let z(w) = 3*w**3 - w**2 - w + 1. What is z(y)?
2
Suppose 10 = -11*a + 98. Let c(b) = b**2 - 6*b + 9. What is c(a)?
25
Let n(f) = 2*f - 1. Let a(c) = -c + 1. Let v(u) = 10*a(u) + 6*n(u). Let w = 71 - 66. Calculate v(w).
14
Let m(g) = g + 13. Let x(r) = -3*r**2 + 35*r - 101. Let o be x(6). Let c be (1 + -1 - 3) + 1. Let i be ((4 - 2) + o)*c. Determine m(i).
7
Let z be -18*(12/(-8) + 30/15). Let v(p) = p**3 + 9*p**2 + 3*p + 15. Give v(z).
-12
Let c be 0 + -3 - (-12)/2. Let b(k) = 38 + 0*k**3 - 43 - k**c. Let l be 2/8 - (-2)/(-8). Determine b(l).
-5
Suppose -15 = 5*b - 5*d + 5, 0 = -5*b - 3*d - 28. Let i(h) = -3*h - 6. Let k be i(b). Let t(v) = -9 + 2*v**3 + k. Give t(-1).
-2
Let p(d) = -12*d**3 - d**2. Let o(z) be the second derivative of 2*z**3/3 - 27*z**2/2 - 46*z. Let l be o(7). Calculate p(l).
-13
Let g(o) = -2*o**3 - o. Let i be g(-1). Suppose 2*p = -j - 0 - 1, i*j = -5*p - 1. Let y(n) = 2*n**2 - 9208 + n + 9208. Determine y(p).
6
Let a(k) = -5*k + 23. Let l(t) = 7*t - 25. Let m(q) = -4*a(q) - 3*l(q). Determine m(-10).
-7
Let u(y) = -2*y + 7. Let t(d) = 2*d - 7. Let j = -15 + 11. Let v(h) = j*u(h) - 5*t(h). Calculate v(5).
-3
Let z(s) = -s**2 + 11*s + 15. Let m = 261 + -249. Determine z(m).
3
Let s(k) be the second derivative of k**5/20 + k**4/3 + k**3/2 - k**2/2 - 13*k. Let z(g) = -g - 1. Let c be z(6). Let u be (c + 4)/((-2)/(-2)). Determine s(u).
-1
Suppose 2*q + 3 = -1. Let n(s) = -3*s**2 + 5*s - 1. Let v(d) = 10*d**2 - 16*d + 4. Suppose 2*m - 56 = 10*m. Let p(j) = m*n(j) + q*v(j). What is p(-2)?
9
Let c(j) be the second derivative of 0 + 1/3*j**3 + 7*j + 0*j**2. Let q(f) = f**2 + 3*f + 6. Let u be q(-2). Give c(u).
8
Let o(y) = -89*y - 18. Let n(q) = 13*q + 2. Let l(r) = -14*n(r) - 2*o(r). Calculate l(2).
0
Let q(w) = w**2 + w. Suppose -16 + 10 = -j. Suppose s = j - 3. Calculate q(s).
12
Let x(q) = 3 - 12 - 9 - q**2 + 35 + 3*q - 11. Let j = 9 - 13. What is x(j)?
-22
Let s(j) = -j**3 - j**2 - 2*j + 1. Let m(i) = -6*i**3 - 10*i**2 - i + 11. Let l(k) = -m(k) + 5*s(k). What is l(-6)?
12
Suppose 4*u + 10*f - 6*f + 8 = 0, -5*u + 3*f - 10 = 0. Let i(n) = n**2 - 3*n - 3. Calculate i(u).
7
Suppose d - 147*a = -143*a - 20, a = -3*d + 5. Let n(s) = 2*s**2 - s + 2. What is n(d)?
2
Let o(y) = -y. Let w = -31 + 39. Suppose z = 3*z - w. Calculate o(z).
-4
Let o(z) = z**3 - 10*z**2 + 21*z + 25. Let i be o(6). Let y(r) be the first derivative of r**4/4 - 2*r**3 - 3*r**2 + 8*r + 1. Give y(i).
15
Let r = -2 + -1. Let g(f) = 2*f + 144*f**2 - 3 - 291*f**2 - f**3 + 144*f**2. Determine g(r).
-9
Let i = 785 - 785. Let n(y) = -y**3 - 2*y - 10. Give n(i).
-10
Let o(y) = 5*y**2 - 12. Let d(p) = -6*p**2 + p + 13. Let h(t) = 4*d(t) + 5*o(t). Let w be -9 - (-1 + -1) - 0. Determine h(w).
13
Suppose -12 = -5*r + 18. Let y(k) = -5*k**2 + 5*k - 35. Let c(t) = 12*t**2 - 8*t + 84. Let v(a